{"id":955,"date":"2012-10-11T09:54:02","date_gmt":"2012-10-11T09:54:02","guid":{"rendered":"http:\/\/aisb.be\/?page_id=955"},"modified":"2012-10-11T10:26:18","modified_gmt":"2012-10-11T10:26:18","slug":"huurder","status":"publish","type":"page","link":"http:\/\/aisb.be\/nl\/huurder\/","title":{"rendered":"Huurder"},"content":{"rendered":"<h2>Logements et loyers<\/h2>\n<div id=\"scroll-container\">\n<div id=\"content\">\n<ul>\n<li>Les logements que nous g\u00e9rons sont dispers\u00e9s dans de nombreuses communes bruxelloises. Lors de votre inscription,<br \/>\npensez \u00e0 nous informer s\u2019il y a des quartiers o\u00f9 vous ne souhaitez pas habiter\u00a0!<\/li>\n<li>Le type de logement qui vous est attribu\u00e9 (de \u00ab\u00a0flat\u00a0\u00bb \u00e0 \u00ab\u00a04 chambres\u00a0\u00bb) est d\u00e9termin\u00e9 par votre composition de m\u00e9nage.<\/li>\n<li>Nos loyers sont inf\u00e9rieurs aux prix du march\u00e9 locatif priv\u00e9.<\/li>\n<\/ul>\n<\/div>\n<\/div>\n","protected":false},"excerpt":{"rendered":"<p>Logements et loyers Les logements que nous g\u00e9rons sont dispers\u00e9s  [&#8230;]<\/p>\n","protected":false},"author":2,"featured_media":0,"parent":0,"menu_order":0,"comment_status":"open","ping_status":"closed","template":"","meta":{"footnotes":""},"class_list":["post-955","page","type-page","status-publish","hentry"],"_links":{"self":[{"href":"http:\/\/aisb.be\/nl\/wp-json\/wp\/v2\/pages\/955","targetHints":{"allow":["GET"]}}],"collection":[{"href":"http:\/\/aisb.be\/nl\/wp-json\/wp\/v2\/pages"}],"about":[{"href":"http:\/\/aisb.be\/nl\/wp-json\/wp\/v2\/types\/page"}],"author":[{"embeddable":true,"href":"http:\/\/aisb.be\/nl\/wp-json\/wp\/v2\/users\/2"}],"replies":[{"embeddable":true,"href":"http:\/\/aisb.be\/nl\/wp-json\/wp\/v2\/comments?post=955"}],"version-history":[{"count":2,"href":"http:\/\/aisb.be\/nl\/wp-json\/wp\/v2\/pages\/955\/revisions"}],"predecessor-version":[{"id":994,"href":"http:\/\/aisb.be\/nl\/wp-json\/wp\/v2\/pages\/955\/revisions\/994"}],"wp:attachment":[{"href":"http:\/\/aisb.be\/nl\/wp-json\/wp\/v2\/media?parent=955"}],"curies":[{"name":"wp","href":"https:\/\/api.w.org\/{rel}","templated":true}]}}

<h2>Logements et loyers</h2>
<div id="scroll-container">
<div id="content">
<ul>
<li>Les logements que nous gérons sont dispersés dans de nombreuses communes bruxelloises. Lors de votre inscription,<br />
pensez à nous informer s’il y a des quartiers où vous ne souhaitez pas habiter !</li>
<li>Le type de logement qui vous est attribué (de « flat » à « 4 chambres ») est déterminé par votre composition de ménage.</li>
<li>Nos loyers sont inférieurs aux prix du marché locatif privé.</li>
</ul>
</div>
</div>

<p>Logements et loyers Les logements que nous gérons sont dispersés  [&#8230;]</p>
